{"id":640,"date":"2024-09-17T15:31:58","date_gmt":"2024-09-17T15:31:58","guid":{"rendered":"https:\/\/fclmalpasse.fr\/?post_type=product&#038;p=640"},"modified":"2024-12-26T18:57:28","modified_gmt":"2024-12-26T18:57:28","slug":"parka-noir-2024-2025","status":"publish","type":"product","link":"https:\/\/fclmalpasse.fr\/?product=parka-noir-2024-2025","title":{"rendered":"Parka Noir 2024-2025"},"content":{"rendered":"<p><strong>Veste Parka Noire FCLM 2024-2025<\/strong><br \/>\nCette parka noire du FCLM allie style et fonctionnalit\u00e9. Con\u00e7ue pour affronter toutes les conditions m\u00e9t\u00e9orologiques, elle est dot\u00e9e d\u2019un tissu imperm\u00e9able et isolant pour un confort optimal. Les poches zipp\u00e9es et la capuche ajustable ajoutent une touche pratique, tandis que le logo du club brod\u00e9 met en avant votre soutien avec \u00e9l\u00e9gance.<\/p>\n","protected":false},"excerpt":{"rendered":"<p><strong>Veste Parka Noire FCLM 2024-2025<\/strong><br \/>\nImperm\u00e9able et isolante, cette parka noire du FCLM offre confort et protection par tous les temps. Pratique avec ses poches zipp\u00e9es, elle affiche fi\u00e8rement le logo du club.<\/p>\n","protected":false},"featured_media":523,"comment_status":"closed","ping_status":"closed","template":"","meta":{"_kadence_starter_templates_imported_post":false,"_kad_post_transparent":"default","_kad_post_title":"","_kad_post_layout":"default","_kad_post_sidebar_id":"","_kad_post_content_style":"default","_kad_post_vertical_padding":"default","_kad_post_feature":"","_kad_post_feature_position":"","_kad_post_header":false,"_kad_post_footer":false},"product_brand":[],"product_cat":[28],"product_tag":[],"class_list":{"0":"post-640","1":"product","2":"type-product","3":"status-publish","4":"has-post-thumbnail","6":"product_cat-vestes","8":"first","9":"instock","10":"shipping-taxable","11":"purchasable","12":"product-type-variable","13":"entry","14":"content-bg","15":"loop-entry"},"yoast_head":"<!-- This site is optimized with the Yoast SEO plugin v25.4 - https:\/\/yoast.com\/wordpress\/plugins\/seo\/ -->\n<title>Parka Noir 2024-2025 - FCLM<\/title>\n<meta name=\"robots\" content=\"index, follow, max-snippet:-1, max-image-preview:large, max-video-preview:-1\" \/>\n<link rel=\"canonical\" href=\"https:\/\/fclmalpasse.fr\/?product=parka-noir-2024-2025\" \/>\n<meta property=\"og:locale\" content=\"fr_FR\" \/>\n<meta property=\"og:type\" content=\"article\" \/>\n<meta property=\"og:title\" content=\"Parka Noir 2024-2025 - FCLM\" \/>\n<meta property=\"og:description\" content=\"Veste Parka Noire FCLM 2024-2025 Imperm\u00e9able et isolante, cette parka noire du FCLM offre confort et protection par tous les temps. Pratique avec ses poches zipp\u00e9es, elle affiche fi\u00e8rement le logo du club.\" \/>\n<meta property=\"og:url\" content=\"https:\/\/fclmalpasse.fr\/?product=parka-noir-2024-2025\" \/>\n<meta property=\"og:site_name\" content=\"FCLM\" \/>\n<meta property=\"article:publisher\" content=\"https:\/\/www.facebook.com\/FOOTBALLCLUBLOISIRSMALPASSE\" \/>\n<meta property=\"article:modified_time\" content=\"2024-12-26T18:57:28+00:00\" \/>\n<meta property=\"og:image\" content=\"https:\/\/fclmalpasse.fr\/wp-content\/uploads\/2024\/09\/5.jpg\" \/>\n\t<meta property=\"og:image:width\" content=\"1414\" \/>\n\t<meta property=\"og:image:height\" content=\"2000\" \/>\n\t<meta property=\"og:image:type\" content=\"image\/jpeg\" \/>\n<meta name=\"twitter:card\" content=\"summary_large_image\" \/>\n<meta name=\"twitter:site\" content=\"@FclMalpasse\" \/>\n<script type=\"application\/ld+json\" class=\"yoast-schema-graph\">{\"@context\":\"https:\/\/schema.org\",\"@graph\":[{\"@type\":\"WebPage\",\"@id\":\"https:\/\/fclmalpasse.fr\/?product=parka-noir-2024-2025\",\"url\":\"https:\/\/fclmalpasse.fr\/?product=parka-noir-2024-2025\",\"name\":\"Parka Noir 2024-2025 - FCLM\",\"isPartOf\":{\"@id\":\"https:\/\/fclmalpasse.fr\/#website\"},\"primaryImageOfPage\":{\"@id\":\"https:\/\/fclmalpasse.fr\/?product=parka-noir-2024-2025#primaryimage\"},\"image\":{\"@id\":\"https:\/\/fclmalpasse.fr\/?product=parka-noir-2024-2025#primaryimage\"},\"thumbnailUrl\":\"https:\/\/fclmalpasse.fr\/wp-content\/uploads\/2024\/09\/5.jpg\",\"datePublished\":\"2024-09-17T15:31:58+00:00\",\"dateModified\":\"2024-12-26T18:57:28+00:00\",\"breadcrumb\":{\"@id\":\"https:\/\/fclmalpasse.fr\/?product=parka-noir-2024-2025#breadcrumb\"},\"inLanguage\":\"fr-FR\",\"potentialAction\":[{\"@type\":\"ReadAction\",\"target\":[\"https:\/\/fclmalpasse.fr\/?product=parka-noir-2024-2025\"]}]},{\"@type\":\"ImageObject\",\"inLanguage\":\"fr-FR\",\"@id\":\"https:\/\/fclmalpasse.fr\/?product=parka-noir-2024-2025#primaryimage\",\"url\":\"https:\/\/fclmalpasse.fr\/wp-content\/uploads\/2024\/09\/5.jpg\",\"contentUrl\":\"https:\/\/fclmalpasse.fr\/wp-content\/uploads\/2024\/09\/5.jpg\",\"width\":1414,\"height\":2000},{\"@type\":\"BreadcrumbList\",\"@id\":\"https:\/\/fclmalpasse.fr\/?product=parka-noir-2024-2025#breadcrumb\",\"itemListElement\":[{\"@type\":\"ListItem\",\"position\":1,\"name\":\"Accueil\",\"item\":\"https:\/\/fclmalpasse.fr\/\"},{\"@type\":\"ListItem\",\"position\":2,\"name\":\"Boutique\",\"item\":\"https:\/\/fclmalpasse.fr\/?page_id=220\"},{\"@type\":\"ListItem\",\"position\":3,\"name\":\"Parka Noir 2024-2025\"}]},{\"@type\":\"WebSite\",\"@id\":\"https:\/\/fclmalpasse.fr\/#website\",\"url\":\"https:\/\/fclmalpasse.fr\/\",\"name\":\"FCLM\",\"description\":\"Football Club Loisir Malpass\u00e9\",\"publisher\":{\"@id\":\"https:\/\/fclmalpasse.fr\/#organization\"},\"potentialAction\":[{\"@type\":\"SearchAction\",\"target\":{\"@type\":\"EntryPoint\",\"urlTemplate\":\"https:\/\/fclmalpasse.fr\/?s={search_term_string}\"},\"query-input\":{\"@type\":\"PropertyValueSpecification\",\"valueRequired\":true,\"valueName\":\"search_term_string\"}}],\"inLanguage\":\"fr-FR\"},{\"@type\":\"Organization\",\"@id\":\"https:\/\/fclmalpasse.fr\/#organization\",\"name\":\"FCLM\",\"url\":\"https:\/\/fclmalpasse.fr\/\",\"logo\":{\"@type\":\"ImageObject\",\"inLanguage\":\"fr-FR\",\"@id\":\"https:\/\/fclmalpasse.fr\/#\/schema\/logo\/image\/\",\"url\":\"https:\/\/fclmalpasse.fr\/wp-content\/uploads\/2022\/11\/cropped-pixlr-bg-result-1.png\",\"contentUrl\":\"https:\/\/fclmalpasse.fr\/wp-content\/uploads\/2022\/11\/cropped-pixlr-bg-result-1.png\",\"width\":500,\"height\":500,\"caption\":\"FCLM\"},\"image\":{\"@id\":\"https:\/\/fclmalpasse.fr\/#\/schema\/logo\/image\/\"},\"sameAs\":[\"https:\/\/www.facebook.com\/FOOTBALLCLUBLOISIRSMALPASSE\",\"https:\/\/x.com\/FclMalpasse\",\"https:\/\/www.instagram.com\/fclmalpasse\/\",\"https:\/\/www.tiktok.com\/@fclm13013\",\"https:\/\/www.linkedin.com\/company\/fclmalpasse\/\"]}]}<\/script>\n<!-- \/ Yoast SEO plugin. -->","yoast_head_json":{"title":"Parka Noir 2024-2025 - FCLM","robots":{"index":"index","follow":"follow","max-snippet":"max-snippet:-1","max-image-preview":"max-image-preview:large","max-video-preview":"max-video-preview:-1"},"canonical":"https:\/\/fclmalpasse.fr\/?product=parka-noir-2024-2025","og_locale":"fr_FR","og_type":"article","og_title":"Parka Noir 2024-2025 - FCLM","og_description":"Veste Parka Noire FCLM 2024-2025 Imperm\u00e9able et isolante, cette parka noire du FCLM offre confort et protection par tous les temps. Pratique avec ses poches zipp\u00e9es, elle affiche fi\u00e8rement le logo du club.","og_url":"https:\/\/fclmalpasse.fr\/?product=parka-noir-2024-2025","og_site_name":"FCLM","article_publisher":"https:\/\/www.facebook.com\/FOOTBALLCLUBLOISIRSMALPASSE","article_modified_time":"2024-12-26T18:57:28+00:00","og_image":[{"width":1414,"height":2000,"url":"https:\/\/fclmalpasse.fr\/wp-content\/uploads\/2024\/09\/5.jpg","type":"image\/jpeg"}],"twitter_card":"summary_large_image","twitter_site":"@FclMalpasse","schema":{"@context":"https:\/\/schema.org","@graph":[{"@type":"WebPage","@id":"https:\/\/fclmalpasse.fr\/?product=parka-noir-2024-2025","url":"https:\/\/fclmalpasse.fr\/?product=parka-noir-2024-2025","name":"Parka Noir 2024-2025 - FCLM","isPartOf":{"@id":"https:\/\/fclmalpasse.fr\/#website"},"primaryImageOfPage":{"@id":"https:\/\/fclmalpasse.fr\/?product=parka-noir-2024-2025#primaryimage"},"image":{"@id":"https:\/\/fclmalpasse.fr\/?product=parka-noir-2024-2025#primaryimage"},"thumbnailUrl":"https:\/\/fclmalpasse.fr\/wp-content\/uploads\/2024\/09\/5.jpg","datePublished":"2024-09-17T15:31:58+00:00","dateModified":"2024-12-26T18:57:28+00:00","breadcrumb":{"@id":"https:\/\/fclmalpasse.fr\/?product=parka-noir-2024-2025#breadcrumb"},"inLanguage":"fr-FR","potentialAction":[{"@type":"ReadAction","target":["https:\/\/fclmalpasse.fr\/?product=parka-noir-2024-2025"]}]},{"@type":"ImageObject","inLanguage":"fr-FR","@id":"https:\/\/fclmalpasse.fr\/?product=parka-noir-2024-2025#primaryimage","url":"https:\/\/fclmalpasse.fr\/wp-content\/uploads\/2024\/09\/5.jpg","contentUrl":"https:\/\/fclmalpasse.fr\/wp-content\/uploads\/2024\/09\/5.jpg","width":1414,"height":2000},{"@type":"BreadcrumbList","@id":"https:\/\/fclmalpasse.fr\/?product=parka-noir-2024-2025#breadcrumb","itemListElement":[{"@type":"ListItem","position":1,"name":"Accueil","item":"https:\/\/fclmalpasse.fr\/"},{"@type":"ListItem","position":2,"name":"Boutique","item":"https:\/\/fclmalpasse.fr\/?page_id=220"},{"@type":"ListItem","position":3,"name":"Parka Noir 2024-2025"}]},{"@type":"WebSite","@id":"https:\/\/fclmalpasse.fr\/#website","url":"https:\/\/fclmalpasse.fr\/","name":"FCLM","description":"Football Club Loisir Malpass\u00e9","publisher":{"@id":"https:\/\/fclmalpasse.fr\/#organization"},"potentialAction":[{"@type":"SearchAction","target":{"@type":"EntryPoint","urlTemplate":"https:\/\/fclmalpasse.fr\/?s={search_term_string}"},"query-input":{"@type":"PropertyValueSpecification","valueRequired":true,"valueName":"search_term_string"}}],"inLanguage":"fr-FR"},{"@type":"Organization","@id":"https:\/\/fclmalpasse.fr\/#organization","name":"FCLM","url":"https:\/\/fclmalpasse.fr\/","logo":{"@type":"ImageObject","inLanguage":"fr-FR","@id":"https:\/\/fclmalpasse.fr\/#\/schema\/logo\/image\/","url":"https:\/\/fclmalpasse.fr\/wp-content\/uploads\/2022\/11\/cropped-pixlr-bg-result-1.png","contentUrl":"https:\/\/fclmalpasse.fr\/wp-content\/uploads\/2022\/11\/cropped-pixlr-bg-result-1.png","width":500,"height":500,"caption":"FCLM"},"image":{"@id":"https:\/\/fclmalpasse.fr\/#\/schema\/logo\/image\/"},"sameAs":["https:\/\/www.facebook.com\/FOOTBALLCLUBLOISIRSMALPASSE","https:\/\/x.com\/FclMalpasse","https:\/\/www.instagram.com\/fclmalpasse\/","https:\/\/www.tiktok.com\/@fclm13013","https:\/\/www.linkedin.com\/company\/fclmalpasse\/"]}]}},"_links":{"self":[{"href":"https:\/\/fclmalpasse.fr\/index.php?rest_route=\/wp\/v2\/product\/640","targetHints":{"allow":["GET"]}}],"collection":[{"href":"https:\/\/fclmalpasse.fr\/index.php?rest_route=\/wp\/v2\/product"}],"about":[{"href":"https:\/\/fclmalpasse.fr\/index.php?rest_route=\/wp\/v2\/types\/product"}],"replies":[{"embeddable":true,"href":"https:\/\/fclmalpasse.fr\/index.php?rest_route=%2Fwp%2Fv2%2Fcomments&post=640"}],"wp:featuredmedia":[{"embeddable":true,"href":"https:\/\/fclmalpasse.fr\/index.php?rest_route=\/wp\/v2\/media\/523"}],"wp:attachment":[{"href":"https:\/\/fclmalpasse.fr\/index.php?rest_route=%2Fwp%2Fv2%2Fmedia&parent=640"}],"wp:term":[{"taxonomy":"product_brand","embeddable":true,"href":"https:\/\/fclmalpasse.fr\/index.php?rest_route=%2Fwp%2Fv2%2Fproduct_brand&post=640"},{"taxonomy":"product_cat","embeddable":true,"href":"https:\/\/fclmalpasse.fr\/index.php?rest_route=%2Fwp%2Fv2%2Fproduct_cat&post=640"},{"taxonomy":"product_tag","embeddable":true,"href":"https:\/\/fclmalpasse.fr\/index.php?rest_route=%2Fwp%2Fv2%2Fproduct_tag&post=640"}],"curies":[{"name":"wp","href":"https:\/\/api.w.org\/{rel}","templated":true}]}}

<p><strong>Veste Parka Noire FCLM 2024-2025</strong><br />
Cette parka noire du FCLM allie style et fonctionnalité. Conçue pour affronter toutes les conditions météorologiques, elle est dotée d’un tissu imperméable et isolant pour un confort optimal. Les poches zippées et la capuche ajustable ajoutent une touche pratique, tandis que le logo du club brodé met en avant votre soutien avec élégance.</p>

<p><strong>Veste Parka Noire FCLM 2024-2025</strong><br />
Imperméable et isolante, cette parka noire du FCLM offre confort et protection par tous les temps. Pratique avec ses poches zippées, elle affiche fièrement le logo du club.</p>

<!-- This site is optimized with the Yoast SEO plugin v25.4 - https://yoast.com/wordpress/plugins/seo/ -->
<title>Parka Noir 2024-2025 - FCLM</title>
<meta name="robots" content="index, follow, max-snippet:-1, max-image-preview:large, max-video-preview:-1" />
<link rel="canonical" href="https://fclmalpasse.fr/?product=parka-noir-2024-2025" />
<meta property="og:locale" content="fr_FR" />
<meta property="og:type" content="article" />
<meta property="og:title" content="Parka Noir 2024-2025 - FCLM" />
<meta property="og:description" content="Veste Parka Noire FCLM 2024-2025 Imperméable et isolante, cette parka noire du FCLM offre confort et protection par tous les temps. Pratique avec ses poches zippées, elle affiche fièrement le logo du club." />
<meta property="og:url" content="https://fclmalpasse.fr/?product=parka-noir-2024-2025" />
<meta property="og:site_name" content="FCLM" />
<meta property="article:publisher" content="https://www.facebook.com/FOOTBALLCLUBLOISIRSMALPASSE" />
<meta property="article:modified_time" content="2024-12-26T18:57:28+00:00" />
<meta property="og:image" content="https://fclmalpasse.fr/wp-content/uploads/2024/09/5.jpg" />
	<meta property="og:image:width" content="1414" />
	<meta property="og:image:height" content="2000" />
	<meta property="og:image:type" content="image/jpeg" />
<meta name="twitter:card" content="summary_large_image" />
<meta name="twitter:site" content="@FclMalpasse" />
<script type="application/ld+json" class="yoast-schema-graph">{"@context":"https://schema.org","@graph":[{"@type":"WebPage","@id":"https://fclmalpasse.fr/?product=parka-noir-2024-2025","url":"https://fclmalpasse.fr/?product=parka-noir-2024-2025","name":"Parka Noir 2024-2025 - FCLM","isPartOf":{"@id":"https://fclmalpasse.fr/#website"},"primaryImageOfPage":{"@id":"https://fclmalpasse.fr/?product=parka-noir-2024-2025#primaryimage"},"image":{"@id":"https://fclmalpasse.fr/?product=parka-noir-2024-2025#primaryimage"},"thumbnailUrl":"https://fclmalpasse.fr/wp-content/uploads/2024/09/5.jpg","datePublished":"2024-09-17T15:31:58+00:00","dateModified":"2024-12-26T18:57:28+00:00","breadcrumb":{"@id":"https://fclmalpasse.fr/?product=parka-noir-2024-2025#breadcrumb"},"inLanguage":"fr-FR","potentialAction":[{"@type":"ReadAction","target":["https://fclmalpasse.fr/?product=parka-noir-2024-2025"]}]},{"@type":"ImageObject","inLanguage":"fr-FR","@id":"https://fclmalpasse.fr/?product=parka-noir-2024-2025#primaryimage","url":"https://fclmalpasse.fr/wp-content/uploads/2024/09/5.jpg","contentUrl":"https://fclmalpasse.fr/wp-content/uploads/2024/09/5.jpg","width":1414,"height":2000},{"@type":"BreadcrumbList","@id":"https://fclmalpasse.fr/?product=parka-noir-2024-2025#breadcrumb","itemListElement":[{"@type":"ListItem","position":1,"name":"Accueil","item":"https://fclmalpasse.fr/"},{"@type":"ListItem","position":2,"name":"Boutique","item":"https://fclmalpasse.fr/?page_id=220"},{"@type":"ListItem","position":3,"name":"Parka Noir 2024-2025"}]},{"@type":"WebSite","@id":"https://fclmalpasse.fr/#website","url":"https://fclmalpasse.fr/","name":"FCLM","description":"Football Club Loisir Malpassé","publisher":{"@id":"https://fclmalpasse.fr/#organization"},"potentialAction":[{"@type":"SearchAction","target":{"@type":"EntryPoint","urlTemplate":"https://fclmalpasse.fr/?s={search_term_string}"},"query-input":{"@type":"PropertyValueSpecification","valueRequired":true,"valueName":"search_term_string"}}],"inLanguage":"fr-FR"},{"@type":"Organization","@id":"https://fclmalpasse.fr/#organization","name":"FCLM","url":"https://fclmalpasse.fr/","logo":{"@type":"ImageObject","inLanguage":"fr-FR","@id":"https://fclmalpasse.fr/#/schema/logo/image/","url":"https://fclmalpasse.fr/wp-content/uploads/2022/11/cropped-pixlr-bg-result-1.png","contentUrl":"https://fclmalpasse.fr/wp-content/uploads/2022/11/cropped-pixlr-bg-result-1.png","width":500,"height":500,"caption":"FCLM"},"image":{"@id":"https://fclmalpasse.fr/#/schema/logo/image/"},"sameAs":["https://www.facebook.com/FOOTBALLCLUBLOISIRSMALPASSE","https://x.com/FclMalpasse","https://www.instagram.com/fclmalpasse/","https://www.tiktok.com/@fclm13013","https://www.linkedin.com/company/fclmalpasse/"]}]}</script>
<!-- / Yoast SEO plugin. -->

Veste Parka Noire FCLM 2024-2025 Imperméable et isolante, cette parka noire du FCLM offre confort et protection par tous les temps. Pratique avec ses poches zippées, elle affiche fièrement le logo du club.

Football Club Loisir Malpassé
